{"id":4336,"date":"2019-11-18T14:49:45","date_gmt":"2019-11-18T22:49:45","guid":{"rendered":"http:\/\/depts.washington.edu\/ecc\/?page_id=4336"},"modified":"2024-08-08T08:46:17","modified_gmt":"2024-08-08T16:46:17","slug":"apply","status":"publish","type":"page","link":"http:\/\/depts.washington.edu\/ecc\/mpfs\/apply\/","title":{"rendered":"Apply"},"content":{"rendered":"<p><span style=\"font-weight: 400;\">We are currently recruiting for Mentors (returning students) and Prot\u00e9g\u00e9s (new student mentees)! Check out the information below!<\/span><\/p>\n<h2>Student Mentor<\/h2>\n<p><span style=\"font-weight: 400;\">\ud835\udde0\ud835\uddf2\ud835\uddfb\ud835\ude01\ud835\uddfc\ud835\uddff\ud835\ude00 are returning students (sophomores, juniors, and seniors) willing to help their first-year mentee (prot\u00e9g\u00e9) navigate the UW campus and facilitate their prot\u00e9g\u00e9&#8217;s academic and holistic development. Mentors in the MPFS program are required to meet with their prot\u00e9g\u00e9 at least once a week during Fall Quarter, attend the Mentor Training and MPFS Kick-Off during Week 1, and at least 2 other MPFS events.<\/span><\/p>\n<p><span style=\"font-weight: 400;\">\ud835\udde0\ud835\uddf2\ud835\uddfb\ud835\ude01\ud835\uddfc\ud835\uddff \ud835\uddd6\ud835\uddff\ud835\uddf2\ud835\uddf1\ud835\uddf6\ud835\ude01 \ud835\udde2\ud835\uddfd\ud835\uddfd\ud835\uddfc\ud835\uddff\ud835\ude01\ud835\ude02\ud835\uddfb\ud835\uddf6\ud835\ude01\ud835\ude06<\/span><\/p>\n<p><span style=\"font-weight: 400;\">The Mentor Program offers 1-3 elective credit(s) option to interested and successfully matched Mentors during the participating Autumn quarter.\u00a0<\/span><\/p>\n<p><span style=\"font-weight: 400;\">\ud835\udde0\ud835\uddf2\ud835\uddfb\ud835\ude01\ud835\uddfc\ud835\uddff \ud835\udde4\ud835\ude02\ud835\uddee\ud835\uddf9\ud835\uddf6\ud835\uddf3\ud835\uddf6\ud835\uddf0\ud835\uddee\ud835\ude01\ud835\uddf6\ud835\uddfc\ud835\uddfb\ud835\ude00:<\/span><\/p>\n<p><span style=\"font-weight: 400;\">-Currently enrolled\/continuing UW students with sophomore, junior, or senior standing\u00a0<\/span><\/p>\n<p><span style=\"font-weight: 400;\">-Good Academic Standing<\/span><\/p>\n<p><span style=\"font-weight: 400;\">-Good interpersonal, communication and listening skills<\/span><\/p>\n<p><span style=\"font-weight: 400;\">-Ability to empathize and provide academic and personal support to a first-year student or transfer student in the Office of Minority Affairs &amp; Diversity<\/span><\/p>\n<p><span style=\"font-weight: 400;\">-Familiar with UW resources and OMA&amp;D support services to help students transition successfully at UW<\/span><\/p>\n<p><span style=\"font-weight: 400;\">-Desire and interest in helping new students feel welcomed and confident to be a successful Husky!<\/span><\/p>\n<p><strong>Deadline to Apply is September 13, 2024.<\/strong><\/p>\n<p>\t\t<a href=\"https:\/\/docs.google.com\/forms\/d\/e\/1FAIpQLSfxuYqBx2mqIpW5EES_iAfGfwcUyjWIR-LDS8aGNfCPI7ST1w\/viewform?usp=sf_link\" class=\"btn btn-sm arrow gold\"><span>Apply As A Mentor!<\/span><span class=\"arrow-box\"><span class=\"arrow\"><\/span><\/span><\/a><\/p>\n<h2>Prot\u00e9g\u00e9<\/h2>\n<p><b>Prot\u00e9g\u00e9s <\/b><span style=\"font-weight: 400;\">are new students willing to foster relationships, accept guidance and support, and contribute to the growth of themselves and their mentor. Prot\u00e9g\u00e9s in the MPFS program are required to meet with their mentor at least once a week during Autumn Quarter, attend the MPFS Kick-Off during Week 1, and at least 2 other MPFS events.<\/span><\/p>\n<p><b>Deadline to Apply is September 13<\/b><b>, 2024.<\/b><\/p>\n<p>\t\t<a href=\"https:\/\/docs.google.com\/forms\/d\/e\/1FAIpQLSfFW05K2pMKTtBANLZdQQ-Lgn7ibFWbNAa1g8rs-WiK2-Ae3Q\/viewform?usp=sf_link\" class=\"btn btn-sm arrow gold\"><span>Apply As A Prot\u00e9g\u00e9<\/span><span class=\"arrow-box\"><span class=\"arrow\"><\/span><\/span><\/a><\/p>\n","protected":false},"excerpt":{"rendered":"<p>We are currently recruiting for Mentors (returning students) and Prot\u00e9g\u00e9s (new student mentees)! Check out the information below! Student Mentor \ud835\udde0\ud835\uddf2\ud835\uddfb\ud835\ude01\ud835\uddfc\ud835\uddff\ud835\ude00 are returning students (sophomores, juniors, and seniors) willing to help their first-year mentee (prot\u00e9g\u00e9) navigate the UW campus and facilitate their prot\u00e9g\u00e9&#8217;s academic and holistic development. Mentors in the MPFS program are required to meet with their prot\u00e9g\u00e9 at least once a week during Fall Quarter, attend the Mentor Training and MPFS Kick-Off during Week 1, and at least&#8230;<\/p>\n","protected":false},"author":1,"featured_media":4220,"parent":4268,"menu_order":5,"comment_status":"closed","ping_status":"closed","template":"templates\/template-small-hero.php","meta":{"footnotes":""},"class_list":["post-4336","page","type-page","status-publish","has-post-thumbnail","hentry"],"_links":{"self":[{"href":"http:\/\/depts.washington.edu\/ecc\/wp-json\/wp\/v2\/pages\/4336"}],"collection":[{"href":"http:\/\/depts.washington.edu\/ecc\/wp-json\/wp\/v2\/pages"}],"about":[{"href":"http:\/\/depts.washington.edu\/ecc\/wp-json\/wp\/v2\/types\/page"}],"author":[{"embeddable":true,"href":"http:\/\/depts.washington.edu\/ecc\/wp-json\/wp\/v2\/users\/1"}],"replies":[{"embeddable":true,"href":"http:\/\/depts.washington.edu\/ecc\/wp-json\/wp\/v2\/comments?post=4336"}],"version-history":[{"count":22,"href":"http:\/\/depts.washington.edu\/ecc\/wp-json\/wp\/v2\/pages\/4336\/revisions"}],"predecessor-version":[{"id":6967,"href":"http:\/\/depts.washington.edu\/ecc\/wp-json\/wp\/v2\/pages\/4336\/revisions\/6967"}],"up":[{"embeddable":true,"href":"http:\/\/depts.washington.edu\/ecc\/wp-json\/wp\/v2\/pages\/4268"}],"wp:featuredmedia":[{"embeddable":true,"href":"http:\/\/depts.washington.edu\/ecc\/wp-json\/wp\/v2\/media\/4220"}],"wp:attachment":[{"href":"http:\/\/depts.washington.edu\/ecc\/wp-json\/wp\/v2\/media?parent=4336"}],"curies":[{"name":"wp","href":"https:\/\/api.w.org\/{rel}","templated":true}]}}